ed by r?
34
Suppose 4*m - 56 = -3*d + 26, 4*m - 4*d = 68. Calculate the remainder when 28 is divided by m.
9
What is the remainder when 237 is divided by (-415)/(-30) + 1/(1 + 5)?
13
Let x(j) = -12*j**3 - 3*j - 2. Let a be x(-1). Suppose -16 = -4*o, 2*r - a = 2*o + 15. What is the remainder when 34 is divided by r?
16
Let x(j) = j + 1. Let l be x(-1). Suppose l = v + 3*v - 128. Suppose 0*r - 6*r + 1 = u, -2*r - 23 = -3*u. Calculate the remainder when v is divided by u.
4
Suppose q - 3*s - 82 = s, -2*q = -4*s - 184. What is the remainder when q is divided by 1 - (-6 + -3 + -3)?
11
Let l be (-8)/(3 - 7) - 2. Let j = l + 3. Suppose -j*v + 72 = -18. What is the remainder when v is divided by 8?
6
Let m(j) = j**3 + 12*j**2 + 9*j + 8. Let w be m(-11). Let p = -26 + w. Suppose p*l - 54 = 2*l. What is the remainder when l is divided by 7?
6
Let v(m) = m**2 + 2*m. Suppose 0*o = o + 3. Let i be v(o). Suppose -5*w = -i*w - 14. Calculate the remainder when 27 is divided by w.
6
Suppose -2*k - 24*l + 144 = -29*l, 2*k + 3*l - 160 = 0. Let z = -49 + 69. Calculate the remainder when k is divided by z.
17
Suppose -32 = 4*l + 8. Suppose 37 = 2*x - f - 3, -4*f - 16 = 0. Let r = l + x. Calculate the remainder when r is divided by 5.
3
Let t be 246/36*3*6/1. Suppose 2*d + 2*h - h = t, -2*d - 3*h + 125 = 0. Calculate the remainder when d is divided by 22.
17
Let a(v) = -11*v + 26. Let s be a(2). Suppose -4*k + 4*q = q - 359, 4 = -s*q. What is the remainder when k is divided by 18?
17
What is the remainder when 131 is divided by (44 + (-21)/3)*1?
20
Let s = 72 - 41. Let g = s + 22. What is the remainder when g is divided by -7*(-19)/(171/18)?
11
Let t = 25 - -30. Let k(f) = f**2 - 3*f - 10. What is the remainder when t is divided by k(6)?
7
Let j(w) = -w**3 - 8*w**2 - 19*w - 17. Calculate the remainder when 135 is divided by j(-8).
0
Suppose 5*f = 2*b + 356, 5*f - 2 = 5*b + 363. Calculate the remainder when f is divided by 12.
10
Suppose 0*q + 3*q - 3 = 0. Suppose -q = 3*a - 7. Suppose 2*c = -z - a, 4*c + 5 = 2*z - 15. Calculate the remainder when 14 is divided by z.
2
Suppose -4 = -5*y + 4*r + 37, 2*y - 21 = -3*r. Let f = -6 + y. What is the remainder when (-3)/2*14/(-3) is divided by f?
1
Suppose 3*a - 10 = p - 3, 0 = 3*a - 12. Let r be 399/(-9) - (-2)/(-3). Let j = 64 + r. Calculate the remainder when j is divided by p.
4
Suppose 0 = -s + 14 + 9. Suppose -4*j - m + 15 = -2*j, -4*j + 15 = 5*m. Suppose 3*v - 5 = 2*l, l + 2*l = 5*v - j. What is the remainder when s is divided by l?
3
Let r(w) = w**3 - w**2 - 1. Let h(y) = 23*y**3 - 7*y**2 - 2*y - 7. Let z(p) = -h(p) + 6*r(p). What is the remainder when 67 is divided by z(-1)?
16
Let x be ((9/4)/(-1))/((-2)/(-24)). Let r(b) = -b**2 + 4*b + 4. Let v be r(-5). Let k = x - v. Calculate the remainder when 54 is divided by k.
12
Let m = -339 - -343. Calculate the remainder when 673 is divided by m.
1
What is the remainder when 1375/(-110)*(-28)/(-10)*-3 is divided by 18?
15
Let a = -2887 - -3014. Calculate the remainder when a is divided by 55.
17
Let o(c) = -11*c - 1. Suppose -4*q - 10 = -5*q + u, 20 = -4*u. Suppose 4*k = -k - q. Calculate the remainder when o(k) is divided by 3.
1
Let z = -104 - -56. Let k = 61 + z. Calculate the remainder when 77 is divided by k.
12
Let g = 14 - 15. Suppose 5*t + 10 = -5*v - 0*t, 4*t + 11 = -v. What is the remainder when 49 is divided by -3 - (g + -16 + v)?
10
Suppose 0 = -28*d + 3408 - 328. What is the remainder when d is divided by 17?
8
Let h(m) = -m**2 - m + 1. Let l be h(-3). What is the remainder when l/10*0 + 14 is divided by 10?
4
Let m be (2*-5)/2 + 1. Suppose 4*q - 48 = q. What is the remainder when q is divided by 1*15/(-10)*m?
4
Calculate the remainder when 8 is divided by 12/8 - -7*(-1)/(-2).
3
Suppose 5*h - 5*w = 285, 0 = -w + 13 - 8. What is the remainder when h is divided by 18?
8
Suppose 75*i - 901 = 22*i. Calculate the remainder when 592 is divided by i.
14
Suppose 2*l = 365 + 387. What is the remainder when l is divided by 29?
28
Let l(w) = 23*w**2 + 9*w + 1. Calculate the remainder when l(-2) is divided by 13.
10
Suppose 0 = -4*i + 3*j + 18, -5*i + 0*i + 2*j = -26. What is the remainder when 13 is divided by i?
1
Suppose 4*g + 24 = -g + 2*q, 0 = -2*q + 4. Let d(p) be the second derivative of p**4/6 + p**3 + 5*p**2/2 + p. What is the remainder when 50 is divided by d(g)?
11
Calculate the remainder when -1 + -2 + 0 + 338 is divided by 28.
27
Let s(y) = y**2 + 2. Let m(d) = -d**3 + 13*d**2 - d + 11. Let k be m(13). What is the remainder when 3*k/12*-70 is divided by s(4)?
17
Let x be 5/10*-8 + -13. Let g = 24 + x. Calculate the remainder when 25 is divided by g.
4
Suppose -5*h + 199 = 3*g + 67, 3*h + 4*g - 77 = 0. Calculate the remainder when 398 is divided by h.
20
Suppose -113 = -3*x - 23. Suppose -4*r + 9*d = 6*d - 218, 0 = 3*r - 5*d - 158. Calculate the remainder when r is divided by x.
26
Suppose 0 = -5*x + 25, 4*s + 2 - 15 = -x. Suppose -3*c + 50 = s*q, -5*c + c + 3*q + 61 = 0. What is the remainder when 30 is divided by c?
14
Let g = 473 + -358. What is the remainder when g is divided by 24?
19
Let g(l) = -l + 9. Let v be g(9). Let w = v + -8. Let t = w + 32. What is the remainder when t is divided by 9?
6
Let n be -10*8/(4/(-1)). What is the remainder when (-42)/12*n/(-5) is divided by 9?
5
Suppose p = 3*u - 281, -5*p = -0*u - 5*u + 455. What is the remainder when u is divided by 12?
11
Let d(h) = -3*h + 53. Let q = 43 - 48. Calculate the remainder when d(q) is divided by 15.
8
Suppose 28*i + 595 = 45*i. Let c = 0 - -12. What is the remainder when i is divided by c?
11
Let k(l) = 3*l**3 - 13*l**2 + 5*l - 13. Calculate the remainder when k(6) is divided by 50.
47
Calculate the remainder when 130 is divided by 3/27 - (-3082)/207.
10
Let w = 1054 - 646. Suppose -2*k + 4*m = -7*k + 418, w = 5*k - m. Calculate the remainder when k is divided by 28.
26
Calculate the remainder when (-8)/((-64)/3) + 1300/32 is divided by 7.
6
Suppose -3*h - 16 = 4*i, 5*i + 0*i = -5*h - 30. Let j(u) = 2*u**2 + u - 19. Calculate the remainder when j(h) is divided by 52.
49
Suppose 3*a = 2*z + 294 - 67, 0 = -a - 2*z + 65. Calculate the remainder when 208 is divided by a.
62
What is the remainder when 92 is divided by 1/7*-2 - (-5037)/161?
30
Suppose 5*f = 25, -372 = -5*c - 3*f + 33. Suppose 4*a = -0*x - 2*x + c, -5*x - 90 = -5*a. What is the remainder when 53 is divided by a?
15
Suppose 472*c = 457*c + 795. What is the remainder when 78 is divided by c?
25
What is the remainder when 1172 is divided by (147/(-6))/((-6)/12*1)?
45
Suppose 0 = -5*l - 184 + 199, -4*o + 4*l + 520 = 0. Suppose -5*s = -32 - 103. Calculate the remainder when o is divided by s.
25
Suppose 17 = 2*d - 5*r, -3*r - 5 = -2*d + 10. Let w = -18 + 40. Calculate the remainder when w is divided by d.
4
Suppose 47*m = 52*m - 105. Let a(v) = 0*v + 0*v + 3*v - 3. What is the remainder when m is divided by a(3)?
3
Calculate the remainder when ((732/16)/(-3))/((-5)/20) is divided by 32.
29
Let l be (3816/(-36))/(-2 + 0). Suppose -c - 5*q = -0*c, -q = 3*c - 70. Suppose -2*b + c = -l. What is the remainder when b is divided by 14?
11
Let w be (-1 - 6/(-8))/((-2)/40). Suppose 0 = -w*l + 100 - 30. What is the remainder when 49 is divided by l?
7
Let h be 4/(-14) - (-6)/21. Suppose 0 = 5*w - 4*r - 94 - 101, -5*w - 5*r + 240 = h. What is the remainder when w is divided by 4114/255 + (-4)/30?
11
Suppose 1 + 7 = 4*f. Let a(u) = -5*u + 5 + 2*u**2 + f*u - 4 + u**2. What is the remainder when a(4) is divided by 20?
17
Suppose 5*x - 392 = t - 35, -5*x - 3*t + 349 = 0. Let f = -18 - -22. Suppose -f = 5*b - 19, -b = 2*o - 39. Calculate the remainder when x is divided by o.
17
Suppose -5*o - 5*n = 10, -2*o - 2*n = -o + 7. Suppose 5*q - 15 = -2*w + 6, 0 = -2*q - o*w + 4. Calculate the remainder when 16 is divided by q.
1
Let j(i) be the third derivative of i**5/60 + i**4/3 + 10*i**3/3 - 19*i**2. Calculate the remainder when j(-10) is divided by 14.
12
Suppose -5*l + 5*w = -0*l - 40, 0 = -l + 5*w + 28. Suppose -3*u - l = 6, 2*i = -3*u - 5. Let o = 15 - i. Calculate the remainder when 25 is divided by o.
12
Let t be 17 - (-5 + 0/3). Suppose -r + 5 = 0, -4*l - 3*r - t = -221. What is the remainder when l is divided by 16?
14
Let t(k) = -3*k**2